{"id":77,"date":"2025-02-13T09:10:22","date_gmt":"2025-02-13T08:10:22","guid":{"rendered":"http:\/\/wohnen-auf-zeit24.de\/woz\/?page_id=77"},"modified":"2025-02-14T11:51:31","modified_gmt":"2025-02-14T10:51:31","slug":"degerloch","status":"publish","type":"page","link":"https:\/\/wohnen-auf-zeit24.de\/woz\/degerloch\/","title":{"rendered":"Degerloch"},"content":{"rendered":"\n<p>Degerloch \u2013 Lebenswerter Stadtteil<\/p>\n\n\n\n<p>Degerloch liegt malerisch am n\u00f6rdlichen Rand der Filderhochebene, rund 200 Meter \u00fcber der Stuttgarter Innenstadt. Durch diese erh\u00f6hte Lage bietet der Stadtteil nicht nur beeindruckende Ausblicke, sondern auch eine besondere Wohnqualit\u00e4t. Von der Jahnstra\u00dfe aus f\u00e4llt das Gel\u00e4nde im Norden steil in Richtung Innenstadt ab, w\u00e4hrend es sich im S\u00fcden sanft zum idyllischen Ramsbachtal, einem Zufluss der K\u00f6rsch, erstreckt.<\/p>\n\n\n\n<p>Das gesch\u00e4ftige Zentrum Degerlochs befindet sich im n\u00f6rdlichen Teil des bebauten Areals. Direkt angrenzend liegt das historische Herz des Stadtteils mit der Michaelskirche, der Zehntscheuer und dem Bezirksrathaus, das 2006 umfassend renoviert wurde. Auch das moderne Feuerwehrhaus, erbaut im Jahr 2005, geh\u00f6rt zu diesem Bereich. Im S\u00fcdwesten findet sich das Gewerbegebiet \u201eTr\u00e4nke\u201c, das wirtschaftliche Impulse f\u00fcr die Region setzt.<\/p>\n\n\n\n<p>Naturliebhaber kommen in Degerloch voll auf ihre Kosten: Im Westen und S\u00fcden erstrecken sich weitl\u00e4ufige Felder, Wiesen und G\u00e4rten, w\u00e4hrend sich im Osten ein ausgedehntes Waldgebiet anschlie\u00dft. Nach Norden hin geht die aufgelockerte Wohnbebauung flie\u00dfend in die Innenstadt \u00fcber. Besonders bemerkenswert sind die 3,5 Hektar Weinberge in S\u00fcdwestlage, die den letzten verbliebenen Teil des historischen Degerlocher Scharrenbergs darstellen \u2013 ein Relikt des Stuttgarter Weinbaus, der um 1850 noch 23 H<\/p>\n\n\n\n<p>Im Nordwesten bietet die Waldau ein gro\u00dfes Sport- und Freizeitareal, das zahlreiche Vereine beheimatet hat, darunter auch die traditionsreichen Stuttgarter Kickers. Diese Mischung aus urbanem Leben, Naturverbundenheit und sportlicher Vielfalt macht Degerloch zu einem besonders attraktiven Stadtteil mit hoher Lebensqualit\u00e4t.<\/p>\n","protected":false},"excerpt":{"rendered":"<p>Degerloch \u2013 Lebenswerter Stadtteil Degerloch liegt malerisch am n\u00f6rdlichen Rand der Filderhochebene, rund 200 Meter \u00fcber der Stuttgarter Innenstadt. Durch diese erh\u00f6hte Lage bietet der Stadtteil nicht nur beeindruckende Ausblicke, sondern auch eine besondere Wohnqualit\u00e4t. Von der Jahnstra\u00dfe aus f\u00e4llt das Gel\u00e4nde im Norden steil in Richtung Innenstadt ab, w\u00e4hrend es sich im S\u00fcden sanft [&hellip;]<\/p>\n","protected":false},"author":1,"featured_media":0,"parent":0,"menu_order":0,"comment_status":"closed","ping_status":"closed","template":"","meta":{"om_disable_all_campaigns":false,"_monsterinsights_skip_tracking":false,"_monsterinsights_sitenote_active":false,"_monsterinsights_sitenote_note":"","_monsterinsights_sitenote_category":0,"footnotes":""},"class_list":["post-77","page","type-page","status-publish","hentry"],"aioseo_notices":[],"_links":{"self":[{"href":"https:\/\/wohnen-auf-zeit24.de\/woz\/wp-json\/wp\/v2\/pages\/77","targetHints":{"allow":["GET"]}}],"collection":[{"href":"https:\/\/wohnen-auf-zeit24.de\/woz\/wp-json\/wp\/v2\/pages"}],"about":[{"href":"https:\/\/wohnen-auf-zeit24.de\/woz\/wp-json\/wp\/v2\/types\/page"}],"author":[{"embeddable":true,"href":"https:\/\/wohnen-auf-zeit24.de\/woz\/wp-json\/wp\/v2\/users\/1"}],"replies":[{"embeddable":true,"href":"https:\/\/wohnen-auf-zeit24.de\/woz\/wp-json\/wp\/v2\/comments?post=77"}],"version-history":[{"count":3,"href":"https:\/\/wohnen-auf-zeit24.de\/woz\/wp-json\/wp\/v2\/pages\/77\/revisions"}],"predecessor-version":[{"id":281,"href":"https:\/\/wohnen-auf-zeit24.de\/woz\/wp-json\/wp\/v2\/pages\/77\/revisions\/281"}],"wp:attachment":[{"href":"https:\/\/wohnen-auf-zeit24.de\/woz\/wp-json\/wp\/v2\/media?parent=77"}],"curies":[{"name":"wp","href":"https:\/\/api.w.org\/{rel}","templated":true}]}}