{"id":327,"date":"2025-02-14T12:30:42","date_gmt":"2025-02-14T11:30:42","guid":{"rendered":"http:\/\/wohnen-auf-zeit24.de\/woz\/?page_id=327"},"modified":"2025-02-22T14:50:06","modified_gmt":"2025-02-22T13:50:06","slug":"apartment-7","status":"publish","type":"page","link":"https:\/\/wohnen-auf-zeit24.de\/woz\/apartment-7\/","title":{"rendered":"Apartment 7"},"content":{"rendered":"\n<p><strong>1-Zimmer-Wohnung im Dachgeschoss<\/strong><\/p>\n\n\n\n<p>Dieses helle, modern eingerichtete Apartment bietet Ihnen ein komfortables Zuhause. Die Wohnung verf\u00fcgt \u00fcber ein Zimmer. Die integrierte K\u00fcche ist vollst\u00e4ndig ausgestattet und f\u00fcgt sich harmonisch in das Gesamtbild der Wohnung ein.<\/p>\n\n\n\n<p>Dank der gro\u00dfen Fenster ist die Wohnung lichtdurchflutet und schafft eine angenehme Wohnatmosph\u00e4re.<\/p>\n\n\n\n<p><strong>Mietkonditionen:<\/strong><\/p>\n\n\n\n<ul class=\"wp-block-list\">\n<li><strong>Monatliche Miete:<\/strong>&nbsp;760,- \u20ac<\/li>\n\n\n\n<li><strong>Nebenkosten:<\/strong>&nbsp;150,- \u20ac<\/li>\n<\/ul>\n\n\n\n<p>Sollten Sie weitere Fragen zu diesem Apartment haben, setzen Sie sich bitte mit uns in Verbindung.<\/p>\n\n\n\n<figure class=\"wp-block-gallery has-nested-images columns-default is-cropped wp-block-gallery-1 is-layout-flex wp-block-gallery-is-layout-flex\">\n<figure class=\"wp-block-image size-large\"><img loading=\"lazy\" decoding=\"async\" width=\"768\" height=\"1024\" data-id=\"337\" src=\"http:\/\/wohnen-auf-zeit24.de\/woz\/wp-content\/uploads\/2025\/02\/20230830_173703-1-768x1024.jpg\" alt=\"\" class=\"wp-image-337\" srcset=\"https:\/\/wohnen-auf-zeit24.de\/woz\/wp-content\/uploads\/2025\/02\/20230830_173703-1-768x1024.jpg 768w, https:\/\/wohnen-auf-zeit24.de\/woz\/wp-content\/uploads\/2025\/02\/20230830_173703-1-225x300.jpg 225w, https:\/\/wohnen-auf-zeit24.de\/woz\/wp-content\/uploads\/2025\/02\/20230830_173703-1-1152x1536.jpg 1152w, https:\/\/wohnen-auf-zeit24.de\/woz\/wp-content\/uploads\/2025\/02\/20230830_173703-1-1536x2048.jpg 1536w, https:\/\/wohnen-auf-zeit24.de\/woz\/wp-content\/uploads\/2025\/02\/20230830_173703-1-scaled.jpg 1920w\" sizes=\"auto, (max-width: 768px) 100vw, 768px\" \/><\/figure>\n\n\n\n<figure class=\"wp-block-image size-large\"><img loading=\"lazy\" decoding=\"async\" width=\"1024\" height=\"768\" data-id=\"339\" src=\"http:\/\/wohnen-auf-zeit24.de\/woz\/wp-content\/uploads\/2025\/02\/20230830_173714-1-1024x768.jpg\" alt=\"\" class=\"wp-image-339\" srcset=\"https:\/\/wohnen-auf-zeit24.de\/woz\/wp-content\/uploads\/2025\/02\/20230830_173714-1-1024x768.jpg 1024w, https:\/\/wohnen-auf-zeit24.de\/woz\/wp-content\/uploads\/2025\/02\/20230830_173714-1-300x225.jpg 300w, https:\/\/wohnen-auf-zeit24.de\/woz\/wp-content\/uploads\/2025\/02\/20230830_173714-1-768x576.jpg 768w, https:\/\/wohnen-auf-zeit24.de\/woz\/wp-content\/uploads\/2025\/02\/20230830_173714-1-1536x1152.jpg 1536w, https:\/\/wohnen-auf-zeit24.de\/woz\/wp-content\/uploads\/2025\/02\/20230830_173714-1-2048x1536.jpg 2048w\" sizes=\"auto, (max-width: 1024px) 100vw, 1024px\" \/><\/figure>\n\n\n\n<figure class=\"wp-block-image size-large\"><img loading=\"lazy\" decoding=\"async\" width=\"768\" height=\"1024\" data-id=\"336\" src=\"http:\/\/wohnen-auf-zeit24.de\/woz\/wp-content\/uploads\/2025\/02\/20230830_173736-1-768x1024.jpg\" alt=\"\" class=\"wp-image-336\" srcset=\"https:\/\/wohnen-auf-zeit24.de\/woz\/wp-content\/uploads\/2025\/02\/20230830_173736-1-768x1024.jpg 768w, https:\/\/wohnen-auf-zeit24.de\/woz\/wp-content\/uploads\/2025\/02\/20230830_173736-1-225x300.jpg 225w, https:\/\/wohnen-auf-zeit24.de\/woz\/wp-content\/uploads\/2025\/02\/20230830_173736-1-1152x1536.jpg 1152w, https:\/\/wohnen-auf-zeit24.de\/woz\/wp-content\/uploads\/2025\/02\/20230830_173736-1-1536x2048.jpg 1536w, https:\/\/wohnen-auf-zeit24.de\/woz\/wp-content\/uploads\/2025\/02\/20230830_173736-1-scaled.jpg 1920w\" sizes=\"auto, (max-width: 768px) 100vw, 768px\" \/><\/figure>\n\n\n\n<figure class=\"wp-block-image size-large\"><img loading=\"lazy\" decoding=\"async\" width=\"1024\" height=\"1024\" data-id=\"335\" src=\"http:\/\/wohnen-auf-zeit24.de\/woz\/wp-content\/uploads\/2025\/02\/20230830_175944-1-1024x1024.jpg\" alt=\"\" class=\"wp-image-335\" srcset=\"https:\/\/wohnen-auf-zeit24.de\/woz\/wp-content\/uploads\/2025\/02\/20230830_175944-1-1024x1024.jpg 1024w, https:\/\/wohnen-auf-zeit24.de\/woz\/wp-content\/uploads\/2025\/02\/20230830_175944-1-300x300.jpg 300w, https:\/\/wohnen-auf-zeit24.de\/woz\/wp-content\/uploads\/2025\/02\/20230830_175944-1-150x150.jpg 150w, https:\/\/wohnen-auf-zeit24.de\/woz\/wp-content\/uploads\/2025\/02\/20230830_175944-1-768x768.jpg 768w, https:\/\/wohnen-auf-zeit24.de\/woz\/wp-content\/uploads\/2025\/02\/20230830_175944-1-1536x1536.jpg 1536w, https:\/\/wohnen-auf-zeit24.de\/woz\/wp-content\/uploads\/2025\/02\/20230830_175944-1-2048x2048.jpg 2048w, https:\/\/wohnen-auf-zeit24.de\/woz\/wp-content\/uploads\/2025\/02\/20230830_175944-1-100x100.jpg 100w\" sizes=\"auto, (max-width: 1024px) 100vw, 1024px\" \/><\/figure>\n\n\n\n<figure class=\"wp-block-image size-large\"><img loading=\"lazy\" decoding=\"async\" width=\"1024\" height=\"1024\" data-id=\"334\" src=\"http:\/\/wohnen-auf-zeit24.de\/woz\/wp-content\/uploads\/2025\/02\/20240702_164922-1-1024x1024.jpg\" alt=\"\" class=\"wp-image-334\" srcset=\"https:\/\/wohnen-auf-zeit24.de\/woz\/wp-content\/uploads\/2025\/02\/20240702_164922-1-1024x1024.jpg 1024w, https:\/\/wohnen-auf-zeit24.de\/woz\/wp-content\/uploads\/2025\/02\/20240702_164922-1-300x300.jpg 300w, https:\/\/wohnen-auf-zeit24.de\/woz\/wp-content\/uploads\/2025\/02\/20240702_164922-1-150x150.jpg 150w, https:\/\/wohnen-auf-zeit24.de\/woz\/wp-content\/uploads\/2025\/02\/20240702_164922-1-768x768.jpg 768w, https:\/\/wohnen-auf-zeit24.de\/woz\/wp-content\/uploads\/2025\/02\/20240702_164922-1-1536x1536.jpg 1536w, https:\/\/wohnen-auf-zeit24.de\/woz\/wp-content\/uploads\/2025\/02\/20240702_164922-1-2048x2048.jpg 2048w, https:\/\/wohnen-auf-zeit24.de\/woz\/wp-content\/uploads\/2025\/02\/20240702_164922-1-100x100.jpg 100w\" sizes=\"auto, (max-width: 1024px) 100vw, 1024px\" \/><\/figure>\n<\/figure>\n","protected":false},"excerpt":{"rendered":"<p>1-Zimmer-Wohnung im Dachgeschoss Dieses helle, modern eingerichtete Apartment bietet Ihnen ein komfortables Zuhause. Die Wohnung verf\u00fcgt \u00fcber ein Zimmer. Die integrierte K\u00fcche ist vollst\u00e4ndig ausgestattet und f\u00fcgt sich harmonisch in das Gesamtbild der Wohnung ein. Dank der gro\u00dfen Fenster ist die Wohnung lichtdurchflutet und schafft eine angenehme Wohnatmosph\u00e4re. Mietkonditionen: Sollten Sie weitere Fragen zu diesem [&hellip;]<\/p>\n","protected":false},"author":1,"featured_media":0,"parent":0,"menu_order":0,"comment_status":"closed","ping_status":"closed","template":"","meta":{"om_disable_all_campaigns":false,"_monsterinsights_skip_tracking":false,"_monsterinsights_sitenote_active":false,"_monsterinsights_sitenote_note":"","_monsterinsights_sitenote_category":0,"footnotes":""},"class_list":["post-327","page","type-page","status-publish","hentry"],"aioseo_notices":[],"_links":{"self":[{"href":"https:\/\/wohnen-auf-zeit24.de\/woz\/wp-json\/wp\/v2\/pages\/327","targetHints":{"allow":["GET"]}}],"collection":[{"href":"https:\/\/wohnen-auf-zeit24.de\/woz\/wp-json\/wp\/v2\/pages"}],"about":[{"href":"https:\/\/wohnen-auf-zeit24.de\/woz\/wp-json\/wp\/v2\/types\/page"}],"author":[{"embeddable":true,"href":"https:\/\/wohnen-auf-zeit24.de\/woz\/wp-json\/wp\/v2\/users\/1"}],"replies":[{"embeddable":true,"href":"https:\/\/wohnen-auf-zeit24.de\/woz\/wp-json\/wp\/v2\/comments?post=327"}],"version-history":[{"count":3,"href":"https:\/\/wohnen-auf-zeit24.de\/woz\/wp-json\/wp\/v2\/pages\/327\/revisions"}],"predecessor-version":[{"id":432,"href":"https:\/\/wohnen-auf-zeit24.de\/woz\/wp-json\/wp\/v2\/pages\/327\/revisions\/432"}],"wp:attachment":[{"href":"https:\/\/wohnen-auf-zeit24.de\/woz\/wp-json\/wp\/v2\/media?parent=327"}],"curies":[{"name":"wp","href":"https:\/\/api.w.org\/{rel}","templated":true}]}}